er when 21611 is divided by 2677?
195
What is the remainder when 45862 is divided by 12?
10
Calculate the remainder when 12133 is divided by 657.
307
Calculate the remainder when 252722 is divided by 46.
44
What is the remainder when 42311 is divided by 235?
11
What is the remainder when 8520 is divided by 762?
138
Calculate the remainder when 5022 is divided by 157.
155
What is the remainder when 399 is divided by 186?
27
What is the remainder when 323 is divided by 30?
23
Calculate the remainder when 948691 is divided by 367.
363
Calculate the remainder when 7209 is divided by 193.
68
Calculate the remainder when 270269 is divided by 64.
61
Calculate the remainder when 20344 is divided by 6624.
472
What is the remainder when 207815 is divided by 6?
5
Calculate the remainder when 3287 is divided by 1095.
2
What is the remainder when 23217 is divided by 3108?
1461
Calculate the remainder when 2108 is divided by 12.
8
What is the remainder when 18346 is divided by 47?
16
Calculate the remainder when 1333 is divided by 33.
13
Calculate the remainder when 580 is divided by 288.
4
What is the remainder when 10861 is divided by 472?
5
What is the remainder when 9001 is divided by 808?
113
Calculate the remainder when 519433 is divided by 118.
115
Calculate the remainder when 69231 is divided by 34601.
29
What is the remainder when 17705 is divided by 77?
72
What is the remainder when 17678 is divided by 1116?
938
What is the remainder when 619622 is divided by 309799?
24
Calculate the remainder when 209974 is divided by 312.
310
Calculate the remainder when 5206 is divided by 5176.
30
What is the remainder when 2721 is divided by 312?
225
Calculate the remainder when 50156 is divided by 230.
16
What is the remainder when 6383 is divided by 27?
11
What is the remainder when 2720 is divided by 42?
32
What is the remainder when 1256058 is divided by 26?
24
Calculate the remainder when 792 is divided by 263.
3
Calculate the remainder when 517 is divided by 93.
52
Calculate the remainder when 1276 is divided by 191.
130
Calculate the remainder when 206704 is divided by 97.
94
What is the remainder when 60888 is divided by 203?
191
Calculate the remainder when 1710 is divided by 36.
18
What is the remainder when 1587408 is divided by 111?
108
What is the remainder when 23238 is divided by 298?
292
What is the remainder when 2766 is divided by 889?
99
What is the remainder when 91141 is divided by 53?
34
Calculate the remainder when 58166 is divided by 19296.
278
What is the remainder when 721 is divided by 209?
94
What is the remainder when 9293 is divided by 9260?
33
What is the remainder when 101094 is divided by 313?
308
Calculate the remainder when 694 is divided by 49.
8
What is the remainder when 52359 is divided by 44?
43
What is the remainder when 140266 is divided by 11?
5
What is the remainder when 5401 is divided by 269?
21
Calculate the remainder when 9056 is divided by 409.
58
Calculate the remainder when 8298 is divided by 129.
42
Calculate the remainder when 326094 is divided by 163033.
28
What is the remainder when 8486 is divided by 2828?
2
Calculate the remainder when 5627 is divided by 191.
88
Calculate the remainder when 23014 is divided by 697.
13
Calculate the remainder when 3611 is divided by 358.
31
What is the remainder when 87406 is divided by 7?
4
What is the remainder when 24129 is divided by 6031?
5
Calculate the remainder when 5186 is divided by 521.
497
Calculate the remainder when 5429 is divided by 1298.
237
Calculate the remainder when 3255101 is divided by 1124.
1121
Calculate the remainder when 116868 is divided by 29213.
16
Calculate the remainder when 4172 is divided by 2086.
0
Calculate the remainder when 49347 is divided by 169.
168
Calculate the remainder when 1232180 is divided by 261.
260
Calculate the remainder when 39057 is divided by 210.
207
What is the remainder when 503 is divided by 122?
15
What is the remainder when 35125 is divided by 1764?
1609
Calculate the remainder when 1068194 is divided by 59.
58
Calculate the remainder when 54105 is divided by 600.
105
Calculate the remainder when 9157 is divided by 102.
79
What is the remainder when 142233 is divided by 61?
42
Calculate the remainder when 9597 is divided by 150.
147
What is the remainder when 12889 is divided by 253?
239
What is the remainder when 84760 is divided by 42?
4
What is the remainder when 9005 is divided by 6320?
2685
What is the remainder when 49283 is divided by 676?
611
Calculate the remainder when 10539 is divided by 999.
549
What is the remainder when 1207 is divided by 492?
223
What is the remainder when 17047 is divided by 316?
299
Calculate the remainder when 214270 is divided by 782.
2
What is the remainder when 413552 is divided by 1097?
1080
What is the remainder when 10278650 is divided by 2118?
2114
What is the remainder when 358533 is divided by 52?
45
What is the remainder when 13122 is divided by 86?
50
What is the remainder when 4459809 is divided by 59?
58
Calculate the remainder when 3781 is divided by 86.
83
Calculate the remainder when 14902 is divided by 15.
7
What is the remainder when 274391 is divided by 103?
102
What is the remainder when 6491 is divided by 26?
17
What is the remainder when 261078 is divided by 50?
28
Calculate the remainder when 22369 is divided by 4.
1
What is the remainder when 17997 is divided by 36?
33
Calculate the remainder when 1133 is divided by 1123.
10
What is the remainder when 236516 is divided by 237?
227
Calculate the remainder when 23364 is divided by 1371.
57
Calculate the remainder when 2193 is divided by 482.
265
What is the remainder when 78868 is divided by 427?
300
Calculate the remainder when 88131 is divided by 88131.
0
What is the remainder when 6249 is divided by 169?
165
Calculate the remainder when 158692 is divided by 39670.
12
Calculate the remainder when 13312 is divided by 102.
52
What is the remainder when 2800 is divided by 237?
193
Calculate the remainder when 153947 is divided by 84.
59
Calculate the remainder when 264201 is divided by 123.
120
Calculate the remainder when 33894 is divided by 60.
54
Calculate the remainder when 424 is divided by 191.
42
Calculate the remainder when 2083 is divided by 101.
63
Calculate the remainder when 2365895 is divided by 1180.
1175
Calculate the remainder when 336250 is divided by 168118.
14
What is the remainder when 13353 is divided by 34?
25
What is the remainder when 9663 is divided by 364?
199
Calculate the remainder when 94919 is divided by 14.
13
What is the remainder when 43157 is divided by 3081?
23
What is the remainder when 6814 is divided by 238?
150
Calculate the remainder when 363893 is divided by 185.
183
What is the remainder when 4277 is divided by 112?
21
Calculate the remainder when 74899 is divided by 110.
99
Calculate the remainder when 194674 is divided by 97.
92
Calculate the remainder when 12684 is divided by 127.
111
Calculate the remainder when 19968 is divided by 19954.
14
Calculate the remainder when 36793 is divided by 2829.
16
What is the remainder when 36072 is divided by 602?
554
Calculate the remainder when 36753 is divided by 1671.
1662
What is the remainder when 4253 is divided by 2064?
125
Calculate the remainder when 12447 is divided by 1244.
7
Calculate the remainder when 57328 is divided by 324.
304
What is the remainder when 2784 is divided by 23?
1
What is the remainder when 730 is divided by 67?
60
What is the remainder when 11459 is divided by 11408?
51
Calculate the remainder when 2173 is divided by 102.
31
Calculate the remainder when 15509 is divided by 131.
51
Calculate the remainder when 20418 is divided by 146.
124
Calculate the remainder when 43069 is divided by 43053.
16
What is the remainder when 13530 is divided by 67?
63
What is the remainder when 1236 is divided by 481?
274
Calculate the remainder when 726036 is divided by 13962.
12
What is the remainder when 77248 is divided by 206?
204
Calculate the remainder when 838 is divided by 259.
61
Calculate the remainder when 39910 is divided by 4432.
22
Calculate the remainder when 19709 is divided by 1093.
35
What is the remainder when 2755 is divided by 1205?
345
What is the remainder when 278472 is divided by 107